1c
In base 2, what is 100 - 10110000101100100010?
-10110000101100011110
In base 4, what is -332 + -330023?
-331021
In base 16, what is -25 - -cd3?
cae
In base 2, what is 10110000100 + 10000010?
11000000110
In base 2, what is -10 + -10011100110010011?
-10011100110010101
In base 5, what is -114 - -4003?
3334
In base 9, what is 14 - -100585?
100610
In base 7, what is 114325 + -454?
113541
In base 5, what is -3 - 21021044?
-21021102
In base 8, what is 45112 + 3?
45115
In base 4, what is -13233 + 102332?
23033
In base 16, what is 3b9d + 2?
3b9f
In base 8, what is -130313 - -2?
-130311
In base 12, what is 184014 - 5?
18400b
In base 2, what is 10000110 - 111111?
1000111
In base 13, what is -20bb - -46?
-2075
In base 4, what is -1101 - -130323?
123222
In base 15, what is 5 - -15ad?
15b3
In base 12, what is -735 - -1151?
618
In base 13, what is 16c - 144?
28
In base 7, what is 0 - 1222532?
-1222532
In base 11, what is 9 + -121260?
-121252
In base 3, what is 10112222211 + -21?
10112222120
In base 12, what is 170680 + 4?
170684
In base 13, what is 300286 + -3?
300283
In base 13, what is 31 + 2b73?
2ba4
In base 15, what is 7 - 6e566?
-6e55e
In base 14, what is 3b14d - -2?
3b151
In base 15, what is c + 142?
14e
In base 3, what is -22001112012 - 11?
-22001112100
In base 4, what is -20200333 + 1212?
-20133121
In base 8, what is 3 + 140505?
140510
In base 13, what is -153b - -a?
-1531
In base 10, what is -1144 - 447?
-1591
In base 15, what is -2 - -8a0d?
8a0b
In base 11, what is 235 + 3?
238
In base 9, what is -2 + 102568?
102566
In base 3, what is 210202120220 - 11?
210202120202
In base 13, what is -a + 9b24?
9b17
In base 8, what is -2740 + -1?
-2741
In base 5, what is -32400 - 22?
-32422
In base 5, what is -232304203 + 1?
-232304202
In base 13, what is a877 - 2?
a875
In base 2, what is -11 + 1010010101000000101?
1010010101000000010
In base 6, what is -351451 + -2?
-351453
In base 8, what is -5 + -23067?
-23074
In base 4, what is -11 + 323232?
323221
In base 7, what is -2354665 + -5?
-2355003
In base 3, what is 1210212 - -110?
1211022
In base 14, what is 1d4d5 + 8?
1d4dd
In base 16, what is 53 + -8a?
-37
In base 3, what is -2101111 + -211?
-2102022
In base 7, what is 1 - 13421?
-13420
In base 10, what is -85991 + 46?
-85945
In base 9, what is 530 - 762?
-232
In base 7, what is -14025 + 2?
-14023
In base 15, what is -a3 - 1021?
-10c4
In base 15, what is 15763 - -5?
15768
In base 8, what is -25513123 + 2?
-25513121
In base 5, what is -121 + 220431?
220310
In base 14, what is -a89 + -8?
-a93
In base 15, what is -186 + -a5?
-23b
In base 8, what is 2 - 441426?
-441424
In base 14, what is -1579c8 + -5?
-1579cd
In base 7, what is 3543 + -32?
3511
In base 3, what is 10012122 + 1020?
10020212
In base 9, what is -376 + 24?
-352
In base 6, what is -3 - -324021?
324014
In base 12, what is -13a + -378?
-4b6
In base 7, what is 33 + 105063?
105126
In base 8, what is -17 + 134025?
134006
In base 5, what is -4100 - -1033?
-3012
In base 8, what is -24 + -644712?
-644736
In base 5, what is 1 + -1411030?
-1411024
In base 10, what is -2 + -265160?
-265162
In base 16, what is -28 - d7de?
-d806
In base 12, what is 3 + -110699?
-110696
In base 16, what is -b50e + -5?
-b513
In base 6, what is 1 + 1141?
1142
In base 3, what is -122111 + -2202?
-202020
In base 15, what is 2385 + -77?
230d
In base 10, what is 4514091 - -5?
4514096
In base 9, what is 57 + -3680?
-3622
In base 12, what is -2b4 - -1106?
a12
In base 7, what is -3412016 + 0?
-3412016
In base 12, what is -22ba + 7?
-22b3
In base 6, what is -154 + 10432?
10234
In base 8, what is 1227603 - 3?
1227600
In base 6, what is -10250005 - -1?
-10250004
In base 13, what is -1ba89 - -17?
-1ba72
In base 2, what is 100001111 + -110000?
11011111
In base 12, what is -4 - -a706?
a702
In base 3, what is 100010 - 120210202?
-120110122
In base 16, what is 2 + -5c712?
-5c710
In base 5, what is -101422204 - -1?
-101422203
In base 16, what is -21718 - 1?
-21719
In base 10, what is -4 - -8876?
8872
In base 10, what is 46537 - 4?
46533
In base 6, what is -3343 - -54?
-3245
In base 14, what is 6 - 236?
-230
In base 5, what is 103322 + -33?
103234
In base 3, what is 1 + -1001120110121?
-1001120110120
In base 13, what is 1026 + 0?
1026
In base 9, what is -87084 + 114?
-86870
In base 9, what is 256 - 46?
210
In base 15, what is -17c + -172?
-2ee
In base 14, what is -39 - -296?
25b
In base 12, what is -3 - -5762?
575b
In base 8, what is 4611 - 5?
4604
In base 8, what is -107131 + 1?
-107130
In base 9, what is -124 - 13645?
-13770
In base 3, what is -1002 + -1012001?
-1020010
In base 16, what is e84 + -175?
d0f
In base 10, what is -53031 + -4?
-53035
In base 12, what is a00 - 91?
92b
In base 13, what is -83 + -1c85?
-2038
In base 16, what is -3 - -1e39?
1e36
In base 7, what is 1255 + -5?
1250
In base 3, what is -20000101010 + -11?
-20000101021
In base 6, what is -2 - -142344?
142342
In base 9, what is -3 + -4313?
-4316
In base 3, what is -1 + 21021220000?
21021212222
In base 4, what is 110 + -330121?
-330011
In base 12, what is -1bb0 - 24?
-2014
In base 11, what is -9591 + 141?
-9450
In base 16, what is 28 + 861?
889
In base 7, what is 10466 + -46?
10420
In base 7, what is 1 + -1161160?
-1161156
In base 9, what is 7150413 + 4?
7150417
In base 6, what is -3 - -5041054?
5041051
In base 4, what is -3201302 - 30?
-3201332
In base 14, what is -8bd77 + -4?
-8bd7b
In base 10, what is 30 + 28262?
28292
In base 2, what is -1111001101101000 - -11?
-1111001101100101
In base 11, what is 33aa + 36?
3435
In base 4, what is -133133212 + -30?
-133133302
In base 8, what is 10774 + -121?
10653
In base 7, what is -2 - -1404346?
1404344
In base 3, what is -1122 + 11111202?
11110010
In base 12, what is -4 + b5b8?
b5b4
In base 7, what is 612361 - 3?
612355
In base 4, what is -2001103121 - 1?
-2001103122
In base 8, what is 1 - 116004?
-116003
In base 14, what is 3 + 20a7?
20aa
In base 5, what is 414 + 1210?
2124
In base 4, what is -113 - -1322103?
1321330
In base 6, what is 3233 + 244?
3521
In base 14, what is 3 - 581a?
-5817
In base 16, what is -124c0 + -2?
-124c2
In base 3, what is 2 - 1210002010?
-1210002001
In base 5, what is -233242 + 10?
-233232
In base 7, what is -32622 + -4?
-32626
In base 16, what is 34759 - 8?
34751
In base 10, what is 8447 - -19?
8466
In base 11, what is -24344 - 1?
-24345
In base 5, what is 243111 - -4?
243120
In base 15, what is -117 + 8?
-10e
In base 12, what is -461 - -11?
-450
In base 11, what is 301a9 - -1?
301aa
In base 5, what is -11312102 + 3?
-11312044
In base 4, what is -20 + -20331300?
-20331320
In base 7, what is -30042 - -1360?
-25352
In base 11, what is 1 + 737?
738
In base 3, what is 112 - -1221210?
1222022
In base 14, what is 4b569 - 1?
4b568
In base 12, what is -38477 - 2?
-38479
In base 12, what is -2b3 + -9?
-300
In base 8, what is -114037 - 10?
-114047
In base 7, what is -2 - 11525104?
-11525106
In base 11, what is -12aa87 + -3?
-12aa8a
In base 3, what is -1201200 + 12220?
-1111210
In base 12, what is -5 - -233b?
2336
In base 8, what is 1741 + 3440?
5401
In base 4, what is 1230 + -110003?
-102113
In base 14, what is -9c37 - -65?
-9bb2
In base 10, what is -3 - -6603?
6600
In base 12, what is 414510 + -2?
41450a
In base 3, what is 101100200 + -2201?
101020222
In base 12, what is 20 - 61646?
-61626
In base 13, what is -2 - 189?
-18b
In base 3, what is 11222101 + -1211?
11220120
In base 6, what is -404134 + 12?
-404122
In base 13, what is 5 + -61bbb?
-61bb6
In base 13, what is -2 - 13710?
-13712
In base 2, what is -111 + 101000001011111?
101000001011000
In base 5, what is -3 + 424430?
424422
In base 9, what is -2 + -245383?
-245385
In base 9, what is 25072 - 167?
24804
In base 14, what is -562 + 58?
-508
In base 9, what is 3 - -31407?
31411
In base 15, what is 0 + -a24d?
-a24d
In base 5, what is 131 + 121411?
122042
In base 5, what is 3432 + -20210?
-11223
In base 7, what is 44435 + -151?
44254
In base 15, what is -c + -1896a?
-18977
In base 4, what is 100 - 1033320?
-1033220
In base 16, what is 9 - 91d?
-914
In base 16, what is -dfb3 + -30?
-dfe3
In base 14, what is 59744 - -3?
59747
In base 13, what is 12 + -18ac2?
-18ab0
In base 3, what is -212 - 22002212?
-22010201
In base 12, what is 559768 - -3?
55976b
In base 15, what is 